10365245 a prime number?
False
Is 1820571271 a prime number?
True
Is 43487291 a prime number?
True
Is 171732838819 prime?
True
Is 18348981293 prime?
True
Is 2008324609 a prime number?
False
Is 10693526191 a prime number?
False
Is 4702018163 a composite number?
False
Is 2005526459 a composite number?
True
Is 26642280619 composite?
True
Is 5198672449 a prime number?
False
Is 80873413 a composite number?
False
Is 1024783381 a composite number?
True
Is 4565975641 a composite number?
True
Is 1892135221 composite?
False
Is 3157791229 a prime number?
True
Is 945249583 a prime number?
True
Is 10585985867 a prime number?
False
Is 6402492989 a composite number?
False
Is 397519763 a composite number?
True
Is 34645186067 prime?
True
Is 8689141471 composite?
False
Is 471474407 composite?
False
Is 2232810467 a prime number?
False
Is 956727227 prime?
True
Is 135660969443 prime?
True
Is 84070155493 a composite number?
False
Is 34224574633 a composite number?
True
Is 5688865643 a prime number?
False
Is 1023604513 prime?
True
Is 63099739 a prime number?
False
Is 26033698807 a prime number?
True
Is 17806509179 prime?
False
Is 10671046283 prime?
False
Is 404667457 prime?
True
Is 9961355627 composite?
False
Is 602104691 composite?
True
Is 2997381719 composite?
False
Is 14153073503 a composite number?
True
Is 12685374277 composite?
False
Is 5890366877 a prime number?
True
Is 5794936093 a prime number?
True
Is 676068581 prime?
True
Is 22599106169 prime?
True
Is 336698097 composite?
True
Is 1140109327 a composite number?
True
Is 3691744547 composite?
False
Is 510288721 a composite number?
False
Is 8087072417 a composite number?
True
Is 13921410689 a composite number?
True
Is 13336351919 a composite number?
True
Is 21078122647 a composite number?
True
Is 273759781 a composite number?
True
Is 51471046367 a prime number?
False
Is 5702496037 a composite number?
True
Is 195035851 a composite number?
False
Is 130340909 prime?
False
Is 701057023 composite?
True
Is 60915873995 a prime number?
False
Is 13120388587 a composite number?
False
Is 41960750729 composite?
False
Is 62314789 prime?
False
Is 3658711909 prime?
True
Is 915263579 prime?
False
Is 1605074033 a prime number?
True
Is 250480623 composite?
True
Is 1551647651 a composite number?
True
Is 9425656951 prime?
True
Is 51655255471 a composite number?
False
Is 22272264913 composite?
True
Is 11855432507 a composite number?
False
Is 155915653451 a composite number?
True
Is 12722617571 prime?
True
Is 54813691943 a composite number?
False
Is 55956819 a prime number?
False
Is 405248197 composite?
True
Is 1574433683 a composite number?
True
Is 6773685631 a prime number?
False
Is 4355567571 composite?
True
Is 644656679 a composite number?
False
Is 1135243717 a prime number?
False
Is 1329051077 prime?
True
Is 2041121759 composite?
True
Is 5575740986 prime?
False
Is 5909511467 composite?
False
Is 66638185 prime?
False
Is 2381543558 composite?
True
Is 8031574711 a prime number?
True
Is 749676643 prime?
False
Is 795675391 a prime number?
False
Is 1970585033 prime?
False
Is 781913729 a prime number?
False
Is 336262609 a composite number?
False
Is 292968681 composite?
True
Is 2518671913 prime?
True
Is 23073654887 a composite number?
True
Is 2900152309 a composite number?
True
Is 1836601099 a composite number?
False
Is 1468283781 composite?
True
Is 17052346279 composite?
False
Is 2836755739 composite?
False
Is 2369675873 a prime number?
True
Is 9349963383 a prime number?
False
Is 112937981017 prime?
False
Is 4837851509 a composite number?
False
Is 6385479367 a prime number?
False
Is 21753170957 composite?
True
Is 2620069259 a prime number?
False
Is 34527965369 prime?
False
Is 14238627833 prime?
True
Is 172276999 composite?
False
Is 901303867 composite?
True
Is 113638431 composite?
True
Is 1360196741 a composite number?
True
Is 91228493 composite?
True
Is 908652311 a composite number?
True
Is 214758645329 prime?
True
Is 310005193 a prime number?
False
Is 2167406303 composite?
False
Is 89385593315 composite?
True
Is 3567915031 a prime number?
True
Is 3382753499 composite?
True
Is 2781922769 a composite number?
True
Is 3013556743 a composite number?
True
Is 162585431 prime?
True
Is 7445382059 prime?
False
Is 1128915813 a prime number?
False
Is 537962213 a composite number?
False
Is 1886541911 a composite number?
False
Is 10862672099 composite?
False
Is 7498960753 composite?
True
Is 1246186217 composite?
True
Is 5487853829 composite?
True
Is 779689003 composite?
True
Is 337647542 composite?
True
Is 955832338 a prime number?
False
Is 78754540159 prime?
True
Is 4541508967 composite?
False
Is 309031847 prime?
True
Is 5242429438 a composite number?
True
Is 581996977 a prime number?
True
Is 147855871 a composite number?
True
Is 73454489 a prime number?
True
Is 102470695 prime?
False
Is 58394929 a prime number?
False
Is 42929884717 prime?
True
Is 7323413203 composite?
False
Is 1202739721 composite?
True
Is 5920187509 prime?
False
Is 11586787573 a prime number?
False
Is 4981297661 a composite number?
False
Is 28057951921 a composite number?
False
Is 8554258607 prime?
False
Is 2921052395 composite?
True
Is 10599804179 a composite number?
False
Is 17976611041 a composite number?
False
Is 24508676719 a composite number?
True
Is 1835130419 a prime number?
True
Is 3703531631 a composite number?
False
Is 298963519 composite?
False
Is 248758307 composite?
True
Is 671570803 a prime number?
True
Is 18714347467 composite?
True
Is 103624793 composite?
False
Is 957923891 a composite number?
False
Is 3039890849 a prime number?
False
Is 141822348131 a prime number?
False
Is 87167025221 composite?
True
Is 4034204921 a composite number?
True
Is 301473343 composite?
False
Is 15891995861 a composite number?
True
Is 2932886153 a prime number?
False
Is 231928418753 a composite number?
True
Is 26240134793 composite?
False
Is 364569107 composite?
True
Is 540079873 a prime number?
True
Is 49742311 composite?
False
Is 2811823429 a composite number?
False
Is 4059603551 a composite number?
True
Is 461754173 a prime number?
False
Is 2264686261 a composite number?
False
Is 2127803779 a composite number?
False
Is 386452713733 composite?
False
Is 4524137393 a composite number?
True
Is 443464141 a composite number?
False
Is 3456448615 composite?
True
Is 17689155083 prime?
True
Is 40467565331 a prime number?
True
Is 4798631309 composite?
True
Is 469813691 a prime number?
True
Is 57954551819 composite?
False
Is 25693630559 a composite number?
True
Is 8769026843 composite?
False
Is 3214059089 composite?
False
Is 11077084001 a prime number?
False
Is 6181495933 composite?
True
Is 1234606913 composite?
True
Is 148188913 a composite number?
False
Is 18564484487 a composite number?
False
Is 25414577609 prime?
False
Is 1997254043 a prime number?
False
Is 415683416081 composite?
True
Is 1371639173 a composite number?
True
Is 21570074171 composite?
False
Is 612448801 a prime number?
False
Is 1483889549 composite?
False
Is 11469568141 composite?
True
Is 18709182463 a prime number?
False
Is 33876433469 composite?
True
Is 41154409 a composite number?
True
Is 392759743 a composite number?
False
Is 41790064471 a composite number?
False
Is 228546053 a composite number?
False
Is 60544264139 prime?
True
Is 10384438731 a composite number?
True
Is 311424637 prime?
True
Is 946159363 a prime number?
True
Is 3389779853 composite?
False
Is 4037349817 composite?
True
Is 3332454317 a composite number?
True
Is 4080341 prime?
True
Is 58807535233 composite?
True
Is 64661465801 a prime number?
True
Is 3398474609 prime?
True
Is 2466073979 composite?
False
Is 12961698929 a prime number?
True
Is 8615099 composite?
False
Is 737741453 composite?
True
Is 53278693799 composite?
False
Is 571275547 prime?
False
Is 22300890181 a prime number?
True
Is 11975024135 prime?
False
Is 429853577 a composite number?
False
Is 6019142743 prime?
False
Is 657312911 composite?
False
Is 7753148779 prime?
False
Is 71384160655 prime?
False
Is 1035239471 a prime number?
False
Is 260619193 prime?
False
Is 5176456643 a prime number?
False
Is 5816577653 a prime number?
False
Is 236792978671 prime?
True
Is 156898382261 composite?
False
Is 189688843 prime?
False
Is 5526235703 composite?
True
Is 1065615778 a composite number?
True
Is